en f(-9) is divided by d?
20
Let f(d) = -d**2 - 13*d + 6. Let h be f(-12). Suppose 5*n + h = a, 0*a = 3*a + n - 54. Calculate the remainder when 32 is divided by a.
14
Let l(f) = f**3 + f**2 + 4*f. Let h = -22 - -25. What is the remainder when l(h) is divided by 5?
3
Suppose -12*x + 699 + 1197 = 0. What is the remainder when x is divided by 75?
8
Suppose -47 = -2*t - 3*j, t + 3*j = 5*t - 103. Calculate the remainder when t is divided by 7.
4
Let b = 406 - 196. What is the remainder when b/5 - (0 + 1) is divided by 11?
8
Suppose 5*p = 10*p + 5. Let a(m) = 16*m**2 - 3*m - 1. Suppose -11 - 12 = -3*d - 2*v, 32 = 4*d + 3*v. Calculate the remainder when a(p) is divided by d.
3
Let j(r) = -r - 17. Let g be j(-24). Calculate the remainder when 22 + (-1 + g)*(-8)/24 is divided by 7.
6
Suppose 6*w - w = 55. Let n = -5 + 90. Let i = n - 31. Calculate the remainder when i is divided by w.
10
Suppose 6*x = 33 - 9. Suppose 2*w - 69 = 5*i, -x*w + 134 - 11 = -5*i. Calculate the remainder when 80 is divided by w.
26
Suppose 18*h = 16*h + 28. Suppose -6*y + 13*y = 1260. What is the remainder when y is divided by h?
12
Suppose 2*v + 1218 = 5*v. Calculate the remainder when v is divided by 17.
15
Suppose -5*l + 5*t + 91 = 11, l + 4*t - 11 = 0. Suppose -3*b + 3*f + 42 = -f, l = 5*f. Calculate the remainder when b is divided by 5.
3
Let m = 48 - 34. Suppose m*y - 153 = 5*y. Calculate the remainder when 50 is divided by y.
16
Let f be 2/(-4)*(12 - 10). Let w be (7 - f)*(-18)/(-36). Suppose 0 = w*v - 91 - 57. What is the remainder when v is divided by 19?
18
Let h = -101 + 137. Suppose -3*x - 21 = 2*x + 3*v, -x + 4*v = 18. Let f(b) = b**3 + 7*b**2 + 5*b + 4. Calculate the remainder when h is divided by f(x).
6
Suppose -m - 4*m - 5*c + 255 = 0, 4 = 4*c. Suppose 3*k = m + 43. Let i = 49 - 33. Calculate the remainder when k is divided by i.
15
Let o = -29 + 28. Let i = o - -39. What is the remainder when i is divided by 6*((-48)/(-9) - 4)?
6
Suppose 10*m + 3*z = 8*m + 25, -5*m + 85 = 3*z. What is the remainder when 68 is divided by m?
8
Let k = -60 - -32. Let f = k + 45. Calculate the remainder when f is divided by 7.
3
Let a(o) = -2*o**2 + 50*o + 14. Calculate the remainder when 306 is divided by a(24).
58
Suppose -2*d + 45 = l - 8, -3*l + 3*d = -150. Calculate the remainder when l is divided by 18*(-7 - 51/(-6)).
24
Let g(q) = -2*q - 39. What is the remainder when 44 is divided by g(-22)?
4
Let f = -6 + 26. Suppose -a - 154 = -3*a. What is the remainder when a is divided by f?
17
Suppose 50*k - 37*k = 2431. Calculate the remainder when k is divided by 39.
31
What is the remainder when (-147)/14*(-42)/9 is divided by 21?
7
Let t = -9 + 18. Let o = -6 - -40. Calculate the remainder when o is divided by t.
7
Let v(p) = -p - 5. Let u(d) = -d**2 - 19*d - 39. What is the remainder when u(-11) is divided by v(-15)?
9
Suppose 3*i - 21 = -0*i. Let h = i + -6. Suppose h = -4*u - 5*c + 58, 0 = -u + 3*c + 27. What is the remainder when 51 is divided by u?
15
Let w = -54 - -110. Calculate the remainder when w is divided by 14.
0
Let m = 64 - 43. Let b = -59 - -72. What is the remainder when m is divided by b?
8
Let a be (-5654)/33 - 2/3. Let z = a + 184. Let w(p) = -15*p. Calculate the remainder when w(-3) is divided by z.
9
Let z(w) = -w**3 - 10*w**2 - 12*w - 20. Let k be -6 - (-8)/4 - 5. Calculate the remainder when 81 is divided by z(k).
4
Let g = -20 + 19. Let u(t) = -4*t + 7. Calculate the remainder when u(-7) is divided by (-37)/(-3) + g/3.
11
Let v(z) = z**3 + 7*z**2 - 6*z - 2. Let x(y) = -y**3 - 7*y**2 + 7*y + 1. Let q(j) = 5*v(j) + 4*x(j). Calculate the remainder when q(-4) is divided by 13.
11
What is the remainder when 41 is divided by ((1 + 1)/(-1))/(4/(-30))?
11
Let x = 393 + -380. Calculate the remainder when 35 is divided by x.
9
Suppose -287*s - 437 = -306*s. What is the remainder when 712 is divided by s?
22
Let k = 49 - 50. Suppose -g + 10 = -8. Calculate the remainder when -44*k/2*(1 + 3) is divided by g.
16
Let w be ((0 - 1) + -1)*-1. Suppose -22 = d - w*d. What is the remainder when 86 is divided by d?
20
Let y = 1775 + -1642. Calculate the remainder when y is divided by 31.
9
Let g(q) = -q**3 - 10*q**2 + 5*q + 5. Let j be (-1)/6 + 22/(-12). Let w = -9 + j. What is the remainder when g(w) is divided by 18?
17
Suppose 3*h + 236 = 7*h. Suppose -x + h = 4*p, -p - 49 = -5*p - 3*x. What is the remainder when 31 is divided by p?
15
Suppose 5*y + 2*y - 112 = 0. What is the remainder when 45 is divided by y?
13
Let y be (-8 - -67) + -5 + 0. Let t = y + -47. Calculate the remainder when 28 is divided by t.
0
Suppose -l = r - 279, 3*r + 9*l - 831 = 8*l. What is the remainder when r is divided by 31?
28
Suppose 0 = 2*m - 890 - 292. Calculate the remainder when m is divided by 17.
13
Let c(k) = -k**3 + 32*k**2 - 2*k + 71. Suppose 0*n = 5*n - 90. What is the remainder when n is divided by c(32)?
4
Let u(m) = -3*m**2 + 4*m + 94. What is the remainder when 168 is divided by u(6)?
8
Let j = 1298 + -1085. What is the remainder when j is divided by 6?
3
Let o(x) = x**3 + 10*x**2 + 21*x - 2. Calculate the remainder when 110 is divided by o(-6).
14
Let a be 15/(-6)*1*-2. Let w = 9 - a. Suppose w*l + 10 = 5*l. What is the remainder when 17 is divided by l?
7
Suppose -10 = 5*g - 65. Let r(z) = -2*z**3 + 17*z**2 + 7*z + 24. Calculate the remainder when g is divided by r(9).
5
Let u(t) be the first derivative of -t**3/3 - 11*t**2/2 - 13*t + 1. Let o be u(-10). What is the remainder when 23 is divided by (-111)/(-9) - (-1)/o?
11
Suppose 4*i - 2*i - 6 = 0. Suppose i*a - 10 = 68. What is the remainder when 76 is divided by a?
24
Let c = 528 + -472. What is the remainder when 66 is divided by c?
10
Let x(v) = v**2 + 3*v - 44. Let w be x(-13). Calculate the remainder when 21 is divided by (-5)/(-20) + w/8.
10
Let b = 272 - 33. What is the remainder when b is divided by 12?
11
Let d(h) = 56 - 25 - h**3 - 12*h - 30 - 7*h**2 - 16. Calculate the remainder when d(-7) is divided by 18.
15
Let l(n) = -328*n + 1975. Let y(w) = 40*w**2 - w. What is the remainder when y(1) is divided by l(6)?
4
Let q be 25 - ((-1)/2)/((-1)/(-6)). Suppose -y + 34 = 2*c, 3*c - q - 1 = -y. Calculate the remainder when 175 is divided by y.
43
What is the remainder when (-8 + 6 - -3)*9 is divided by 7?
2
Let y = -115 - -142. What is the remainder when 64 is divided by y?
10
Calculate the remainder when (-200)/(-10)*114/15 is divided by 22.
20
Suppose 49 = 4*w + 5*j, -27 = -2*w - 5*j - 0*j. What is the remainder when (28/5 + 3)/(2/10) is divided by w?
10
Let d be 1 - (-22)/2 - (-13 + 12). Suppose 6*s - 11 = d. What is the remainder when 13 is divided by s?
1
Suppose -225 = -29*z + 964. What is the remainder when z is divided by 15?
11
Let n = -57 + 111. Suppose -1873 = -42*r - 697. Calculate the remainder when n is divided by r.
26
Let v(l) = 12*l + 1. Let b = -47 + 84. What is the remainder when b is divided by v(1)?
11
Suppose -2*c - 67 = 15. Let b = 74 + c. Calculate the remainder when b is divided by 9.
6
Calculate the remainder when (49396/(-159))/((-8)/6) is divided by 63.
44
Suppose 0 = y - 3 - 2. Suppose 60 = y*f + 10. Calculate the remainder when 27 is divided by f.
7
Suppose 0 = -2*g - 0*g + 140. Calculate the remainder when g is divided by 24.
22
Let k(i) = -4*i**2 + 2*i - 3. Let w be k(1). Calculate the remainder when 63 is divided by ((-46)/(-4))/(w/(-10)).
17
Let s = 76 + -68. Calculate the remainder when 50 is divided by s.
2
Let n(l) be the first derivative of -l**2/2 + 21*l - 4. Let y be n(-9). Suppose 2*w = -3*w + y. What is the remainder when 33 is divided by w?
3
Suppose 0*n = n - 18. Let t be (-17 + -3)/(-4) - 1. Suppose t*j - 16 = b - 5*b, b = 5*j + 22. Calculate the remainder when n is divided by b.
4
Let w(z) = z + 27. Let b be w(-18). Let n(q) = -q + 15. Calculate the remainder when 8 is divided by n(b).
2
Let y(k) = 66*k**3 + k**2 + 3*k + 2. Let a be y(-1). Let g = 160 + a. Let i = g - 65. Calculate the remainder when i is divided by 8.
5
Let b(k) = -8*k - 3. Let o be (9/27)/(2/(-6)). Let r be b(o). Suppose 0*i - 150 = -r*i. What is the remainder when i is divided by 8?
6
Suppose -5*o + 154 + 646 = 0. Let f = 165 - o. Calculate the remainder when 23 is divided by f.
3
Suppose g = 0, 0*z + 4